 divisor of v and i.
21
Let c(h) = -2*h + 12. Let p be c(9). Let s be (45/p)/(6/(-32)). What is the greatest common divisor of s and 16?
8
Suppose q - 245 + 193 = 0. What is the greatest common factor of 26 and q?
26
Let x(l) = 2*l**2 + 12*l - 12. Let f be x(-9). Calculate the greatest common divisor of 56 and f.
14
Suppose v - 27 = -o, 5*v + 2*o = 4*v + 26. Calculate the greatest common divisor of v and 42.
14
Let y be (-760)/(-20) - 3/1. Calculate the highest common factor of 7 and y.
7
Suppose 17 = 5*v + 2. Suppose 2*a = u - 5, -2*a - 2*a - v = 5*u. What is the greatest common divisor of 11 and u?
1
Let f = -9 + 23. Suppose -i + o + f = 0, -3*o - 27 = -2*i - 0*o. Calculate the highest common factor of i and 30.
15
Let m be (-15)/(-20) + 195/(-4). Let r = 70 + m. Calculate the greatest common divisor of r and 2.
2
Suppose 5*m = 234 + 186. What is the greatest common factor of 14 and m?
14
Suppose 3*n + 51 = 2*n + 5*x, -4*n = -4*x + 172. Let z = 57 + n. Let k = 17 - -7. Calculate the greatest common divisor of z and k.
8
Let w = 24 + -6. Suppose 0 = -y - 4*g + 142, -4*g = 22 - 2. What is the highest common divisor of w and y?
18
Let i = -10 - -34. Let z(m) = -m**3 + 9*m**2 - 8*m + 3. Let a be z(8). What is the greatest common factor of i and a?
3
Let f be -129*1*66/(-18). What is the greatest common factor of f and 43?
43
Suppose 2*k = -3 + 11. What is the greatest common factor of 8 and k?
4
Let l = 19 + -5. Let n(g) = -125*g**3 + 2*g**2 + 2*g + 1. Let c be n(-1). What is the greatest common factor of l and c?
14
Suppose 3*h = 7*h - 20. Suppose -4*l + 0*k - k + 1007 = 0, h*k + 1290 = 5*l. What is the greatest common divisor of l and 23?
23
Let v = -6 - -17. Suppose 5*o + k = 4*k + 376, -157 = -2*o - k. Calculate the highest common factor of v and o.
11
Let t be -1*(-3)/(6/10). Let r = 9 - t. Suppose -54 = j - r*j. What is the greatest common divisor of 45 and j?
9
Let w be 2/8 - (-77)/(-4). Let o = w - -31. What is the highest common divisor of 60 and o?
12
Suppose -3*l + 3 = -9. Suppose -4*u - l*y = -y - 261, 4*u - 2*y - 246 = 0. Calculate the greatest common divisor of 9 and u.
9
Let n = 28 + -21. Let m = n + 29. What is the greatest common factor of m and 6?
6
Suppose 2*y = 29 + 97. Let t be (-4)/(-18) + 3640/y. What is the highest common divisor of t and 29?
29
Suppose 6 = -4*b + 50. Let d = b + 11. Let o be -7*(-6)/14*d. What is the highest common divisor of o and 6?
6
Suppose -3*l = 2*l + 3*f - 404, 4*f = l - 90. Suppose 0 = -5*r + 4*u + u + 370, -r = -3*u - l. Calculate the greatest common factor of r and 10.
10
Let v be 82 + 2/(-4)*-6. Let o = v - 61. Let d(l) = 2*l - 5. Let f be d(4). Calculate the greatest common factor of o and f.
3
Suppose -4*y + 142 = y + 4*w, 2*w = 5*y - 124. Suppose -3*q + 2*l + 29 = 0, 2*q - 2*l = 4 + 12. What is the greatest common divisor of y and q?
13
Let f = -10 - -13. Suppose -f*b - 120 = -5*b + 2*z, -3*b + 148 = 5*z. What is the greatest common divisor of 7 and b?
7
Let t(c) = -c + 9. Let j be t(-7). Suppose 2*x = -d + j, -5*d - 7 = -3*x + 17. What is the greatest common factor of x and 40?
8
Let i = -310 + 520. Suppose 3*d - i = -2*d. What is the highest common factor of 63 and d?
21
Let g(o) = o**3 + 7*o**2 - 8*o + 5. Let w be g(-7). Let t(d) = d**2 + d - 37. Let r be t(0). Let a = r + w. What is the highest common divisor of 3 and a?
3
Suppose 0*g - 83 = -2*g - 5*n, -5*n + 122 = 3*g. What is the greatest common divisor of 3 and g?
3
Suppose -j - 3*j + 20 = 0. Let b(q) be the third derivative of q**4/24 + q**3/3 - 10*q**2. Let r be b(18). What is the highest common factor of j and r?
5
Let o be 49 + -1 - 9/3. What is the highest common divisor of o and 15?
15
Let f(i) = -3*i + 1. Let a be f(1). Let c be 61 - a/4*-2. Let j be (-1 + -3)/(1/(-3)). Calculate the highest common divisor of j and c.
12
Suppose 3*h = -4*q + 44, -2*q - 3*h + 20 = -q. Let o = q - 3. Suppose 5*x - 3*t - 11 = 18, o*x - 26 = 2*t. What is the highest common factor of x and 2?
2
Suppose -2*q + 20 = -5*i - 8, -4*q + 24 = -2*i. Let y = 115 + -79. Calculate the greatest common factor of q and y.
4
Let d = 71 - 36. Calculate the greatest common factor of d and 35.
35
Let x = -127 + 187. What is the highest common factor of 12 and x?
12
Suppose -10 = -5*o, 2*a - 2*o + 158 = 4*a. Calculate the highest common factor of a and 7.
7
Let s be (-220)/(-15) - ((-6)/(-9) - 0). What is the highest common factor of 63 and s?
7
Let z(d) = -21*d**3 - 2*d**2 - d. Suppose 1 - 5 = 4*t. Let r be z(t). Suppose -r = -5*m + m. Calculate the highest common factor of 40 and m.
5
Let x = -1 + 20. What is the greatest common divisor of 38 and x?
19
Suppose 2 = -2*m - 0*m. Suppose -4*h + p - 2 = -5*h, 0 = -5*p - 25. Let d = m + h. What is the highest common factor of d and 66?
6
Let m = 36 + -20. Let b = 14 + m. What is the greatest common factor of b and 75?
15
Suppose 2*p = -0*p + 70. What is the highest common divisor of p and 7?
7
Let o(l) = 2*l**3 - 4*l**2 + 4*l - 3. Let n be o(2). Let s be 133/1 + n + -2. Calculate the highest common factor of s and 17.
17
Suppose 3*g = 8*g. Suppose g = -7*w + 2*w + 605. Calculate the highest common divisor of 11 and w.
11
Let v be (2 - 141/(-12))*(3 + 5). Calculate the highest common divisor of 10 and v.
10
Let i(v) = -3*v + 1. Let s be i(-1). Suppose -2*m = 3*m - 55. Let w = 35 - m. Calculate the highest common divisor of s and w.
4
Let m(w) = 16*w**2 + 1. Let g be m(1). Calculate the greatest common factor of 153 and g.
17
Let f = 25 - 14. Let z = 16 - f. What is the highest common factor of z and 5?
5
Let r = -66 - -136. Let a = -13 - -27. Calculate the greatest common divisor of a and r.
14
Suppose 0 = o + 3 - 5. Suppose o*g + 0*g - 8 = 0. Suppose -8*h + 3*h + 50 = 3*c, -g*h = 3*c - 46. What is the highest common factor of c and 10?
10
Let k = 128 + 17. What is the greatest common divisor of 58 and k?
29
Let m be 5*(3 + (0 - 2)). Suppose 3*o = r + 8, 4*o - 4*r - 13 = -m. Calculate the greatest common divisor of 24 and o.
3
Let d = -3 + 5. Suppose d*o + 12 = 102. Let k = 69 + -64. What is the greatest common divisor of k and o?
5
Let g(x) = x**2 - 10*x - 3. Let f be g(11). Calculate the highest common factor of f and 24.
8
Let f = 14 + -32. Let j be (11/(-3))/(6/f). What is the greatest common divisor of j and 77?
11
Suppose 4*s + 0*s = 2*u + 156, -s - 2*u = -29. Suppose -3*w + 2*p = -2*p + 2, 2*w + 5*p - s = 0. What is the greatest common divisor of w and 6?
6
Let v = 5 + -3. Let b be -4*(1 + -2)*v. Calculate the highest common divisor of 88 and b.
8
Let x = 10 - -17. Let y be ((-8)/(-12))/(1/27). What is the highest common factor of y and x?
9
Let g = -13 + 15. Suppose x - 6 = -g*x. Calculate the highest common factor of x and 2.
2
Suppose 4*b + 3 = 87. Suppose 5*i = -2*r + b, -4*r + 39 = r - i. Calculate the highest common factor of r and 2.
2
Suppose -76 = -2*s - 2*s. Suppose -4*q - s = -151. What is the greatest common factor of q and 22?
11
Let l(h) = -h**3 - 12*h**2 - 17*h - 10. Let f be l(-11). Calculate the highest common divisor of 7 and f.
7
Suppose 0 = -t + 5*t + 5*i + 70, -4*t + 3*i = 86. Let w be ((-4)/(-5))/((-2)/t). Let v = -11 + 99. Calculate the greatest common divisor of v and w.
8
Suppose 3*g - 6*s = -2*s + 4, 0 = -5*g - 4*s - 36. Let h be g/(-2)*(-180)/(-24). Calculate the greatest common divisor of h and 5.
5
Let v = -5 - -7. Suppose -3*w = -5*w + v*m + 52, -5*w = -2*m - 115. Calculate the highest common factor of 63 and w.
21
Let i(z) = 5*z**2 - z. Let k be i(2). Suppose 3*q - k = 27. Let h = -1 + q. Calculate the greatest common divisor of 35 and h.
7
Suppose -2*a + a + 12 = 0. Suppose 3*v = a + 6. What is the highest common divisor of v and 42?
6
Suppose -2 = f - 15. Let j = 2 + f. Suppose -3*n = 3*x - 24, 0 = -2*n - 0*n - x + j. What is the greatest common factor of 28 and n?
7
Let d be 3/(-2)*4/3. Let k = 7 + d. Let t be 10/4*(-22)/(-1). What is the greatest common divisor of k and t?
5
Let t be 1*-4 - (-23 - 3). What is the greatest common divisor of t and 154?
22
Let b be (-60)/(-12) - (1 - 0). Let z be b/22 - 100/(-55). What is the greatest common factor of 1 and z?
1
Let g(d) = -10*d - 15. Let m be g(-6). Calculate the highest common factor of 18 and m.
9
Let w(p) = -p**3 + p**2 + 3